
-41d
In base 14, what is 11 - 8276?
-8265
In base 12, what is 103b + b6?
1135
In base 10, what is 1638 + 89?
1727
In base 5, what is 30404121 - 10?
30404111
In base 5, what is -420 - -340213?
334243
In base 4, what is 33332022 + -12?
33332010
In base 7, what is -23 - -22546?
22523
In base 8, what is 2033 + -461?
1352
In base 8, what is -1544 + 64?
-1460
In base 16, what is 781 + 1ca?
94b
In base 8, what is -15 + -21701?
-21716
In base 7, what is 13 - -554134?
554150
In base 12, what is -194b - 15?
-1964
In base 8, what is 23 + 731?
754
In base 12, what is 870 - -42a?
109a
In base 4, what is 10121110 + -11?
10121033
In base 5, what is -2123 + 3431?
1303
In base 3, what is -211 + -200210010?
-200210221
In base 12, what is -2 - -931b8?
931b6
In base 6, what is 10211012 - -3?
10211015
In base 4, what is -11 + 10222122210?
10222122133
In base 11, what is -13 + 1a144?
1a131
In base 8, what is 406 - -1307?
1715
In base 4, what is -1310020002 + -2?
-1310020010
In base 9, what is 6042 - 683?
5248
In base 14, what is 14 - 816b?
-8157
In base 12, what is -5 - 13017?
-13020
In base 3, what is -2022001 + -102001?
-2201002
In base 16, what is 174f1 + 3b?
1752c
In base 10, what is 2 - -5398?
5400
In base 13, what is -16a19 + -87?
-16aa3
In base 2, what is -1100 + 100011100010?
100011010110
In base 9, what is -15726 + 27?
-15688
In base 9, what is 6 + 8732?
8738
In base 6, what is 2405 + 23115?
25524
In base 13, what is -3 + -24592?
-24595
In base 3, what is 112111010210 + -22?
112111010111
In base 14, what is -7451 - 7?
-7458
In base 5, what is 23004113 - -2?
23004120
In base 3, what is -12 + 111200012?
111200000
In base 10, what is -2 - 11148?
-11150
In base 13, what is -128 + 9?
-11c
In base 2, what is -1110111011 - -10100?
-1110100111
In base 10, what is -466 + 2221?
1755
In base 12, what is -bb - -741b?
7320
In base 3, what is -2002 - -11101022?
11022020
In base 13, what is -1 - 7774?
-7775
In base 2, what is -1101101100000 + 1011101011?
-1100001110101
In base 3, what is 2111 + -21022000?
-21012112
In base 11, what is 49 + -2813?
-2775
In base 15, what is -c3 - -179?
a6
In base 2, what is 100110000100110011101 - -1?
100110000100110011110
In base 11, what is 7 - -aa58?
aa64
In base 14, what is b699 + -2?
b697
In base 15, what is -7ac88 - -3?
-7ac85
In base 4, what is 13 - -1120210?
1120223
In base 16, what is -2 - 27d32?
-27d34
In base 4, what is 3 + -13031120?
-13031111
In base 8, what is -104745 + 16?
-104727
In base 7, what is 33053 - 14?
33036
In base 5, what is -342404 + -140?
-343044
In base 16, what is 4 - -4677?
467b
In base 4, what is 3 + 1200330?
1200333
In base 3, what is -11100 + -2110212?
-2122012
In base 11, what is 6546 - 97?
645a
In base 2, what is -101100111100 + -1?
-101100111101
In base 7, what is -332562 - 0?
-332562
In base 4, what is -2 - -1333101220?
1333101212
In base 10, what is -61 + -10060?
-10121
In base 13, what is -18392 + -5?
-18397
In base 2, what is -101110 - 10000011111101?
-10000100101011
In base 15, what is 2 + -a03be?
-a03bc
In base 16, what is -6 - b6bf?
-b6c5
In base 5, what is -331 + -14411?
-20242
In base 16, what is -1909 - 171?
-1a7a
In base 14, what is 83 - -39a?
43d
In base 9, what is -1 - -140113?
140112
In base 7, what is 221 + 2415?
2636
In base 16, what is -1 - -178?
177
In base 4, what is 1 - 1002102?
-1002101
In base 7, what is 25 + -220535?
-220510
In base 8, what is 16710 - -3?
16713
In base 15, what is 5399 + -4?
5395
In base 14, what is 0 + 16aa6?
16aa6
In base 14, what is 787 - 15?
772
In base 14, what is 95 - -4315?
43aa
In base 4, what is -1 - 1010202?
-1010203
In base 12, what is 135853 + -5?
13584a
In base 13, what is 18 + 25b3?
25cb
In base 2, what is 110011111101011110111 + -10?
110011111101011110101
In base 3, what is -1021012 - 2220?
-1101002
In base 9, what is 2044 - -7?
2052
In base 12, what is -12538 - -45?
-124b3
In base 7, what is -343014 + 4?
-343010
In base 10, what is -11 - -1745?
1734
In base 6, what is 0 + -204043?
-204043
In base 4, what is 321 + 10233?
11220
In base 15, what is db6 - 3?
db3
In base 6, what is -2 - 504433?
-504435
In base 15, what is 4 + 8d83a?
8d83e
In base 5, what is -23204 + 3113?
-20041
In base 2, what is 110 + -11110001100101100?
-11110001100100110
In base 9, what is -257 + 52?
-205
In base 11, what is 620 - 95?
536
In base 10, what is -155722 + -7?
-155729
In base 6, what is 103343 - -13?
103400
In base 6, what is -5 + 3504544?
3504535
In base 13, what is -9846 - -2?
-9844
In base 7, what is 26351 + 152?
26533
In base 6, what is -433531 + -155?
-434130
In base 9, what is 66 + 27283?
27360
In base 14, what is -7 + 4da?
4d3
In base 3, what is -12 - -11222000?
11221211
In base 5, what is -32 + -1201023?
-1201110
In base 8, what is 1036 + -6200?
-5142
In base 13, what is -31 + -2682?
-26b3
In base 3, what is 211210222212 - 21?
211210222121
In base 14, what is -4 - -393c?
3938
In base 5, what is 2234 - 230102?
-222313
In base 13, what is 10a8c - 19?
10a73
In base 3, what is 11002220 + -1011222?
2220221
In base 8, what is 12367 + -454?
11713
In base 4, what is 2333 - -121023?
130022
In base 4, what is 10010312221 + -12?
10010312203
In base 6, what is -31021 + 5?
-31012
In base 7, what is -5 + -3231616?
-3231624
In base 14, what is 59 - 13c?
-c3
In base 9, what is -3 - 7548?
-7552
In base 15, what is -699 - 3c?
-6d6
In base 9, what is 425 - -302?
727
In base 16, what is -33d - 1a?
-357
In base 3, what is -11201 - 1000020?
-1011221
In base 8, what is -3 + 2767?
2764
In base 10, what is 222 - -58?
280
In base 11, what is -306 - 5718?
-5a23
In base 15, what is 7 + -b71?
-b69
In base 8, what is -1155 + 131?
-1024
In base 7, what is 2 - -23551?
23553
In base 6, what is -13142424 + -1?
-13142425
In base 7, what is 15 - 64560?
-64542
In base 14, what is -9184 - -1?
-9183
In base 3, what is -1021201022 + -2?
-1021201101
In base 3, what is 1202 + -20002?
-11100
In base 13, what is 155b3 + 1?
155b4
In base 12, what is 67077 + -5?
67072
In base 4, what is 1202 - -3311333?
3313201
In base 2, what is 10 - -10010000001111001?
10010000001111011
In base 14, what is -2 - 390d4?
-390d6
In base 16, what is -8 - -4c5?
4bd
In base 5, what is 200104 - -13?
200122
In base 7, what is 312361 - 2?
312356
In base 9, what is 132 + -10853?
-10721
In base 6, what is 3 + -1443411?
-1443404
In base 10, what is -59 + -703?
-762
In base 16, what is 1414d - 3?
1414a
In base 3, what is 1102112 - 100210?
1001202
In base 11, what is 23256 + -2?
23254
In base 3, what is 11 - -2022001202?
2022001220
In base 10, what is 1256 + 82?
1338
In base 12, what is 4 + 1a8b4?
1a8b8
In base 3, what is 22121210 - -20?
22122000
In base 3, what is 12 + -102012122?
-102012110
In base 10, what is 1034 + -23?
1011
In base 11, what is -15785 + 14?
-15771
In base 4, what is -230013121022 + 3?
-230013121013
In base 10, what is -266 - -13?
-253
In base 2, what is 110 + -101101001100100?
-101101001011110
In base 12, what is -9 + 6a5?
698
In base 9, what is 4 - 8680?
-8675
In base 15, what is 1 - -4ed9?
4eda
In base 13, what is -358 - -110?
-248
In base 9, what is -225 + 2722?
2486
In base 7, what is 0 - 161313?
-161313
In base 11, what is 298 + 512?
7aa
In base 7, what is -64125 - 6?
-64134
In base 3, what is 202112020 + 2000?
202121020
In base 9, what is 2681 - 0?
2681
In base 11, what is 3 + -66176?
-66173
In base 3, what is 21110121011 + -20?
21110120221
In base 9, what is 316 - 5483?
-5166
In base 3, what is -120202 - 200010?
-1020212
In base 15, what is -63 - 103b?
-109e
In base 10, what is 5 + 572789?
572794
In base 16, what is 8 - -dd3?
ddb
In base 13, what is 3 + -16619?
-16616
In base 4, what is -1013330001 + -2?
-1013330003
In base 15, what is -681 - -c?
-674
In base 5, what is -324141 + -12?
-324203
In base 9, what is 7567 - -10?
7577
In base 11, what is 1 - -61980?
61981
In base 14, what is 228d0 + b?
228db
In base 12, what is -1 - -20855?
20854
In base 5, what is 344431 + 34?
400020
In base 10, what is 107630 + -4?
107626
In base 2, what is -1 - -1011100101?
1011100100
In base 7, what is 406236 - 6?
406230
In base 6, what is 141 + -434?
-253
In base 12, what is 42b + 5?
434
In base 10, what is -8 - 3402?
-3410
In base 6, what is 204 - 512?
-304
In base 14, what is -8d9 - 7c?
-977
In base 5, what is -414101234